) = 3*g**2 + 40. Let t be k(-8). Let w = -8 + t. What are the prime factors of w?
2, 7
Let d = 1162 - -6559. What are the prime factors of d?
7, 1103
Let q(z) = -12*z - 4. Let m be q(8). Let a = m - -234. Suppose 509 = 3*n - 5*b, -2*b + 43 = n - a. What are the prime factors of n?
173
List the prime factors of (-18)/693*7 - (4 - 2956968/77).
2, 73, 263
Suppose 0 = -17*w - 103 + 4132. List the prime factors of w.
3, 79
What are the prime factors of (-1 + -323)/(2/4 + 45/(-82))?
2, 3, 41
Suppose -45*n + 129866 = -8824. What are the prime factors of n?
2, 23, 67
Let i(m) = -3*m**3 - 2*m**2 - 19*m - 122. List the prime factors of i(-9).
2, 17, 61
Let u(s) = s**3 - 14*s**2 - 13*s - 28. Let b be u(15). Suppose -5*n + 506 = -b*l + 22, 0 = -5*n + 4*l + 488. List the prime factors of n.
2, 3
Let s = 52217 + -9044. What are the prime factors of s?
3, 13, 41
Let k = 31 + -26. Suppose 20 = k*h, -2*j = 2*h - 8 - 8. Suppose 3*r + 0*l - j*l - 400 = 0, 3*r = l + 406. What are the prime factors of r?
2, 17
Let z(r) be the third derivative of r**5/30 - r**4/3 - 3*r**3/2 - 2*r**2 - 2*r. Let u(h) = -5*h + 1. Let c be u(1). What are the prime factors of z(c)?
5, 11
Let r(k) = -13*k**3 + 2*k**2 - 5*k - 10. Let t(v) = 2*v**3 + 13*v**2 + 8*v + 9. Let h be t(-6). What are the prime factors of r(h)?
2, 11, 17
Let c(n) = -55*n + 4. Let t be c(-3). Let a be 2*((-526)/(-4) + -6). Let p = a - t. What are the prime factors of p?
2, 41
Let r(w) = 3*w + 39. Suppose -5*b = -4*q - 14, 0 = -5*b + 8*b + 4*q - 34. What are the prime factors of r(b)?
3, 19
What are the prime factors of 5917817/166 + (1 - (-3)/6)?
7, 11, 463
Let h(y) = 16*y - 33. Let n be h(12). What are the prime factors of (n/(-6) - -1)/((-87)/464)?
2, 17
Let r(n) = -5*n**2 - 7*n + 1. Let b = -7 + 10. Let d be r(b). Let h = 294 + d. What are the prime factors of h?
229
Suppose -2*b + 3*s = -5*b + 6894, -4597 = -2*b - 3*s. Suppose v - 2326 = -4*c - 19, 3*v = -4*c + b. List the prime factors of c.
2, 17
Let x be 12/2 + 5/5*262. Let i = -70 - 75. Let w = i + x. List the prime factors of w.
3, 41
Let q = 73698 + -5140. What are the prime factors of q?
2, 7, 59, 83
Suppose -2*p = -4*p + 12. Suppose 0 = -3*n + 6, -h - n = -p*h + 2118. Suppose 11*s - 291 = h. List the prime factors of s.
5, 13
Suppose -4*j - 11*j + 33180 = 0. Suppose 0 = -9*c + 2*c + j. What are the prime factors of c?
2, 79
List the prime factors of (-10 + (-2592)/(-60))/(-2 + (-924)/(-460)).
2, 23, 83
Let o(t) be the first derivative of t**4/12 + 5*t**3/2 + 15*t**2/2 - 6*t - 8. Let w(b) be the first derivative of o(b). List the prime factors of w(-15).
3, 5
Let x = 138 + 2918. List the prime factors of (x/6 - -2)/((-74)/(-111)).
13, 59
Suppose -140*r + 5*p + 16315 = -136*r, 8160 = 2*r - 2*p. What are the prime factors of r?
5, 19, 43
Suppose -14*n - 92715 = -31*n + 15099. What are the prime factors of n?
2, 3, 7, 151
Suppose -5*c + 29 - 9 = 0, -3*r - 16 = -4*c. Suppose 4*w - 1443 - 1381 = r. List the prime factors of w.
2, 353
Let z(t) = 0 + 1 + t**2 + 217*t + 0 - 245*t. Let a be z(10). Let i = 396 + a. List the prime factors of i.
7, 31
What are the prime factors of 3*(5/(135/248949) + -2)?
5, 5531
Let f = 1444 + 6471. What are the prime factors of f?
5, 1583
Let n(g) be the third derivative of -7*g**4/8 - 73*g**3/3 - 181*g**2. What are the prime factors of n(-24)?
2, 179
Suppose 3*f - 4*q - 1 = 0, f - q - 3*q = 3. Let x be 3*(1 + 1 + f) + 93. Suppose 147 + x = 3*s. What are the prime factors of s?
3
Let p(g) be the third derivative of -g**6/120 - g**5/30 + 31*g**4/24 + 4*g**3/3 + g**2 - 4. What are the prime factors of p(-9)?
2, 37
Let j(t) = 11*t**3 - 339*t**2 + 26*t + 57. List the prime factors of j(34).
19, 2179
Let r(n) = -n**3 + 23*n**2 - 2*n - 5. Let f be r(23). List the prime factors of (-64722)/(-119) - 6/f.
2, 17
Suppose 0*u = 2*u + 104. Let k = u + 382. List the prime factors of k.
2, 3, 5, 11
Suppose 56 = 15*i - 8*i. Let d(b) = b**2 - 9*b + 12. Let s be d(i). Suppose -5*p = -k - 881, -4*k = -s*p + 417 + 291. List the prime factors of p.
2, 11
Suppose -20 = -3*t - t, 4*v + 1686 = -2*t. Let n = 777 + v. List the prime factors of n.
353
Suppose -3*l + 12 = l. Let k be ((-5 + 5)/2)/(5 + 1). Suppose -4*u + 200 = 4*g, -l*g + 2*g + 5 = k. List the prime factors of u.
3, 5
Let q(t) = t**3 + 27*t**2 + 10*t + 38. Let m be q(-26). Suppose m = 2*x + 74. What are the prime factors of x?
2, 5, 19
Suppose -2*s - 6436 = 2*v, 4*v - 3*s = 1189 - 14026. Let d be (-15)/40 + v/8. What are the prime factors of (-1)/(5/d) + (-118)/295?
2, 5
Let t(s) = -s**3 - s**2 + s + 1038. What are the prime factors of t(0)?
2, 3, 173
Suppose -s - 15 = 5*v, -s = -40*v + 41*v + 3. Suppose s = 5*j - 1491 - 509. List the prime factors of j.
2, 5
Let k = 21 - -6. Let i be ((-4)/(-6))/(33/k + -1). Suppose i*o - 171 = -r, -r + 6*r + 228 = 4*o. What are the prime factors of o?
3, 19
Suppose -3*y = 12, 328*a = 327*a - 3*y + 23273. List the prime factors of a.
5, 4657
Let d be (-7)/1 + 0/(1/1). Let t(x) = 8 - 18*x + 16*x + 8 + 2. What are the prime factors of t(d)?
2
Let v(w) = 31376*w**2 - 1107*w + 1108. What are the prime factors of v(1)?
3, 10459
Suppose -111 = -7*f + 50. Suppose 29*x - f*x = 612. List the prime factors of x.
2, 3, 17
Suppose -18692 = -4*p - 4*s, 11*p - 8*p - 14019 = s. List the prime factors of p.
4673
Suppose -m - 15 = -6*m. Suppose y = a - 1290, -m*a - 31*y + 3886 = -26*y. What are the prime factors of a?
2, 17, 19
Suppose 0 = 14*a - 55 + 13. Suppose -j - 3 = -a*h + 3, 0 = 2*h + 2*j - 12. Suppose -h*k + 3*t = -99, k - 7*t - 24 = -3*t. List the prime factors of k.
2, 3
Let y(c) = -c**3 - 5*c + 5. Let i be y(0). Let q(z) = 7*z + 3*z - 2 + 17. List the prime factors of q(i).
5, 13
Let i be (529*2 - 1) + 180/(-90). Suppose -2*p - h + 2132 = -0*p, 0 = p - 5*h - i. What are the prime factors of p?
3, 5, 71
Let m(l) = l**3 + 18*l**2 - 4*l + 3. Let i be m(-16). Let a = i + -108. What are the prime factors of a?
3, 157
Suppose -10*y + 67 = 237. Let l = -31 - y. What are the prime factors of (-1642)/(-18) + l/63?
7, 13
Suppose -191*p = -83*p - 71*p - 1413400. What are the prime factors of p?
2, 5, 191
Let u(f) = 502*f + 35. Let h be u(12). Suppose -h - 2729 = -4*k. List the prime factors of (-3)/(-4) - k/(-52).
43
Suppose 105*s = 100*s - 2*k + 218135, -9*k = 5*s - 218100. What are the prime factors of s?
3, 14543
Suppose 142*c = 138*c + 40. Let f(p) = -11 + 15*p**2 + 0*p**2 - 4*p**3 + 0*p + 3*p**3 - c*p. List the prime factors of f(6).
11, 23
Let y(b) be the third derivative of 395*b**4/24 - 51*b**3/2 - 91*b**2 + 2*b. What are the prime factors of y(4)?
1427
Let y(v) = -1421*v + 1490. List the prime factors of y(-7).
11437
Let i(g) = -99*g**3 + 6*g**2 + 39*g + 75. What are the prime factors of i(-4)?
3, 29, 73
Let q(o) = -5*o - 1. Let y be q(-1). Let d be (-18)/54 - (-620)/15 - 2. List the prime factors of d + (2 - (y - -2)).
5, 7
Let l(m) = -45*m**3 - 2*m**2 + 6*m + 6. Let a be l(-3). Let v = a + -770. List the prime factors of v.
5, 83
Let d(h) = 48*h**2 - 36*h + 59. What are the prime factors of d(10)?
11, 409
Suppose -81*p + 76*p - 2*c = -42204, -p + c + 8438 = 0. What are the prime factors of p?
2, 5, 211
Let v(y) = y**3 + 18*y**2 + 32. Suppose -4*g - 2 = -22, 0 = s + 3*g - 8. Let r be (s + 19)/((-16)/6 + 2). What are the prime factors of v(r)?
2
Let x = -7047 - -11891. List the prime factors of x.
2, 7, 173
Suppose 0 = -3*w + 370 - 535. List the prime factors of (-20)/w + 16910/22.
769
Let b = 10 + -28. Let l(m) = 10*m + 13. Let u be l(b). Let a = -36 - u. List the prime factors of a.
131
Let l = 44056 - 29054. Suppose 50*x = 37*x + l. List the prime factors of x.
2, 577
Let n = 192 - 158. Let y = n - -104. List the prime factors of y.
2, 3, 23
Let m be ((-58009)/(-35) + 4)*5. Suppose -6*a - 1923 = -m. What are the prime factors of a?
2, 7, 19
Let w = 75344 - 49326. List the prime factors of w.
2, 13009
Let l = 15 + -4. Suppose 0 = m + l. Let t(r) = -5*r + 14. List the prime factors of t(m).
3, 23
Let w = 1 + -13. Let r = w - -25. Let v = 38 - r. List the prime factors of v.
5
Let l = 1113 + -766. Suppose 3*h + 4*r - 2*r - 1021 = 0, l = h + 2*r. List the prime factors of h.
337
Suppose -5*f + 2*y = -12334, 8*f = 4*f + 3*y + 9870. Let j = -1486 + f. List the pri